 5329 is divided by 484?
5
What is the remainder when 3079 is divided by 1157?
765
Calculate the remainder when 41927 is divided by 184.
159
What is the remainder when 1997 is divided by 1959?
38
Calculate the remainder when 132524 is divided by 290.
284
Calculate the remainder when 2207 is divided by 59.
24
Calculate the remainder when 36765 is divided by 630.
225
What is the remainder when 9524 is divided by 3138?
110
What is the remainder when 15333 is divided by 5058?
159
Calculate the remainder when 5718 is divided by 69.
60
What is the remainder when 1399 is divided by 1232?
167
What is the remainder when 53298 is divided by 1239?
21
Calculate the remainder when 3848 is divided by 113.
6
What is the remainder when 893877 is divided by 644?
5
Calculate the remainder when 45 is divided by 15.
0
Calculate the remainder when 9828 is divided by 246.
234
Calculate the remainder when 4414 is divided by 614.
116
What is the remainder when 916 is divided by 165?
91
Calculate the remainder when 2702 is divided by 113.
103
Calculate the remainder when 147921 is divided by 102.
21
What is the remainder when 853 is divided by 99?
61
Calculate the remainder when 8452 is divided by 161.
80
Calculate the remainder when 1125 is divided by 65.
20
Calculate the remainder when 8993 is divided by 111.
2
Calculate the remainder when 9743 is divided by 125.
118
Calculate the remainder when 66818 is divided by 297.
290
What is the remainder when 3956 is divided by 3942?
14
What is the remainder when 2474 is divided by 766?
176
What is the remainder when 391658 is divided by 19?
11
Calculate the remainder when 199667 is divided by 214.
5
What is the remainder when 2739 is divided by 54?
39
Calculate the remainder when 3316 is divided by 513.
238
What is the remainder when 44278 is divided by 72?
70
What is the remainder when 22088 is divided by 539?
528
Calculate the remainder when 70931 is divided by 69.
68
Calculate the remainder when 927139 is divided by 33112.
3
Calculate the remainder when 90031 is divided by 427.
361
What is the remainder when 4288 is divided by 403?
258
What is the remainder when 770942 is divided by 32?
30
What is the remainder when 21539 is divided by 190?
69
What is the remainder when 46623 is divided by 58?
49
What is the remainder when 4206 is divided by 75?
6
What is the remainder when 120523 is divided by 248?
243
What is the remainder when 11384 is divided by 11017?
367
Calculate the remainder when 761364 is divided by 30.
24
What is the remainder when 5032 is divided by 4?
0
Calculate the remainder when 176734 is divided by 24.
22
Calculate the remainder when 2425 is divided by 2.
1
Calculate the remainder when 49843 is divided by 4984.
3
What is the remainder when 108937 is divided by 8376?
49
Calculate the remainder when 118023 is divided by 5901.
3
Calculate the remainder when 5282 is divided by 1299.
86
What is the remainder when 7216 is divided by 1423?
101
What is the remainder when 28674 is divided by 1255?
1064
Calculate the remainder when 49248 is divided by 2462.
8
What is the remainder when 4626760 is divided by 30?
10
Calculate the remainder when 10491 is divided by 556.
483
Calculate the remainder when 80192 is divided by 1.
0
What is the remainder when 2326 is divided by 367?
124
What is the remainder when 428636 is divided by 240?
236
What is the remainder when 3980 is divided by 408?
308
Calculate the remainder when 2556 is divided by 768.
252
Calculate the remainder when 12593339 is divided by 21.
17
What is the remainder when 51961 is divided by 9?
4
Calculate the remainder when 15716 is divided by 79.
74
What is the remainder when 148610 is divided by 79?
11
What is the remainder when 1386 is divided by 111?
54
Calculate the remainder when 19168 is divided by 122.
14
What is the remainder when 235299 is divided by 405?
399
Calculate the remainder when 39524 is divided by 335.
329
What is the remainder when 105647 is divided by 485?
402
Calculate the remainder when 7104 is divided by 64.
0
Calculate the remainder when 1694 is divided by 563.
5
What is the remainder when 4396 is divided by 77?
7
What is the remainder when 3205 is divided by 159?
25
Calculate the remainder when 12215 is divided by 5835.
545
Calculate the remainder when 5893 is divided by 964.
109
Calculate the remainder when 39596 is divided by 34.
20
Calculate the remainder when 6557 is divided by 1417.
889
Calculate the remainder when 42552 is divided by 749.
608
Calculate the remainder when 41174 is divided by 3164.
42
What is the remainder when 521399 is divided by 144?
119
What is the remainder when 9492 is divided by 269?
77
What is the remainder when 1763 is divided by 403?
151
What is the remainder when 261376 is divided by 28?
24
What is the remainder when 12753 is divided by 208?
65
Calculate the remainder when 2824 is divided by 163.
53
What is the remainder when 1717 is divided by 17?
0
Calculate the remainder when 25116 is divided by 25059.
57
Calculate the remainder when 71779 is divided by 24.
19
Calculate the remainder when 3521 is divided by 245.
91
What is the remainder when 138388 is divided by 13837?
18
Calculate the remainder when 4199 is divided by 63.
41
What is the remainder when 4016 is divided by 783?
101
Calculate the remainder when 129180 is divided by 523.
522
Calculate the remainder when 143609 is divided by 644.
641
What is the remainder when 34607 is divided by 206?
205
Calculate the remainder when 11172 is divided by 302.
300
What is the remainder when 15749 is divided by 846?
521
What is the remainder when 10917 is divided by 253?
38
Calculate the remainder when 191 is divided by 127.
64
What is the remainder when 122212 is divided by 15?
7
What is the remainder when 4209 is divided by 356?
293
Calculate the remainder when 185221 is divided by 118.
79
What is the remainder when 435 is divided by 44?
39
Calculate the remainder when 559992 is divided by 279996.
0
What is the remainder when 85053 is divided by 55?
23
What is the remainder when 2232 is divided by 1215?
1017
Calculate the remainder when 662339 is divided by 38.
37
Calculate the remainder when 5259 is divided by 875.
9
What is the remainder when 49721 is divided by 168?
161
What is the remainder when 22068 is divided by 913?
156
Calculate the remainder when 117551 is divided by 186.
185
What is the remainder when 36832 is divided by 247?
29
Calculate the remainder when 3113562 is divided by 455.
452
Calculate the remainder when 71139 is divided by 6.
3
What is the remainder when 32994 is divided by 165?
159
Calculate the remainder when 139795 is divided by 1889.
9
Calculate the remainder when 3703 is divided by 1634.
435
What is the remainder when 228918 is divided by 3012?
6
Calculate the remainder when 604048 is divided by 201346.
10
Calculate the remainder when 5536 is divided by 2717.
102
What is the remainder when 37315 is divided by 18473?
369
Calculate the remainder when 15584 is divided by 2176.
352
What is the remainder when 312546 is divided by 1611?
12
Calculate the remainder when 1061 is divided by 57.
35
Calculate the remainder when 24089 is divided by 241.
230
What is the remainder when 186811 is divided by 127?
121
What is the remainder when 10068 is divided by 10030?
38
Calculate the remainder when 233565 is divided by 61.
57
What is the remainder when 253229 is divided by 34?
31
Calculate the remainder when 47118 is divided by 139.
136
Calculate the remainder when 49131 is divided by 1376.
971
What is the remainder when 2079 is divided by 742?
595
What is the remainder when 106098 is divided by 239?
221
What is the remainder when 12576 is divided by 24?
0
What is the remainder when 238156 is divided by 289?
20
Calculate the remainder when 479318 is divided by 5.
3
Calculate the remainder when 18232 is divided by 1298.
60
Calculate the remainder when 12541 is divided by 1790.
11
What is the remainder when 1183 is divided by 117?
13
What is the remainder when 536 is divided by 317?
219
What is the remainder when 55200 is divided by 1108?
908
What is the remainder when 35896 is divided by 1055?
26
What is the remainder when 28605 is divided by 1512?
1389
What is the remainder when 24858 is divided by 5?
3
What is the remainder when 19